{"id":898,"date":"2021-08-23T13:55:30","date_gmt":"2021-08-23T11:55:30","guid":{"rendered":"https:\/\/die-wurstpumpen.de\/?page_id=898"},"modified":"2022-02-01T08:35:00","modified_gmt":"2022-02-01T07:35:00","slug":"2021-2","status":"publish","type":"page","link":"https:\/\/die-wurstpumpen.de\/?page_id=898","title":{"rendered":"2021"},"content":{"rendered":"\n<p><strong>Kegeln im August<\/strong><\/p>\n\n\n\n<p>Nach fast einem Jahr Pause konnte am 28.09.2021 die Saison 2020-22 endlich mit dem 4.Spieltag fortgef\u00fchrt werden. Leider waren mit Kersch, Schroke, Patta, Bamsi und KC nur f\u00fcnf Pumpen anwesend. Gl\u00fccklicherweise konnten wir auf zwei Gastkegler z\u00e4hlen. Mit von der Partie waren Calvin und Schledden Frank.<\/p>\n\n\n\n<p>Bamsi hielt, als Ersatz f\u00fcr seinen Herzensmann Pluto, eine emotionale Er\u00f6ffnungsrede, die deutlich zeigte wie sehr das monatliche Kegeln vermisst wurde. Die erste Runde nach der Corona-Pause er\u00f6ffnete KC mit einer 8 und es gab weitere Premieren. Kerschi gelang gleich der erste Elfer (12 Holz) und Patta die erste Pumpe. Ein weiteres \u201eHighlight\u201c brachte die Bar-Dame ins Spiel, eine kleine Karaffe mit Cola, f\u00fcr die Personen, die noch angeschlagen vom Vortag nach einem Cola-Bier fragten. Es reichte immerhin dazu, dass fast zwei Leute damit auskommen konnten. Schledden Frank, der zun\u00e4chst unter dem Radar fliegen wollte (\u201eIch kann nicht kegeln\u201c), r\u00e4umte in Runde drei gleich 14 Pinne ab und wurde fortan auch mal Profi-Frank genannt. Kerschi stellte mit seinem dritten verwandelten Elfer in nur f\u00fcnf Runden fr\u00fch die Weichen auf Sieg. Wurf um Wurf keimte in Bamsi allm\u00e4hlich die Wut auf, erst konnte er sich noch b\u00e4ndigen, doch dann kam es unwiederbringlich zum Ausbruch und er lie\u00df mit einem markersch\u00fctternden Schrei die heiligen Hallen erbeben. KC hasst sich. Die erste Runde gab es von Bamsi aufgrund seines Schl\u00fcpftages, doch zuvor gab es diverse Diskussionen, die darin m\u00fcndeten, dass Schroke Audio- und Sprachnachrichten unterschiedlicher Personen abspielte, bis dann schlussendlich die gewollte Nachricht von \u00d6tte (vermutlich mit den H\u00e4nden in der H\u00fcfte) abgespielt wurde, bei der \u00d6tte eine Schnapsrede hielt und dabei darauf aufmerksam gemacht wurde, dass er tropft, was \u00d6tte aber nicht sonderlich schlimm fand, weil man das ja garnicht h\u00f6ren w\u00fcrde. Schroke hatte einen f\u00fcr seine Verh\u00e4ltnisse durchwachsenen Abend, konnte aber mit einer 17 auch den besten Wurf des Abends hinlegen, auch wenn er sich beim dritten Versuch noch vor dem Einschlag beschwerte. Ja gut, war auch unversch\u00e4mt von der Kugel nur 8 Holz umzuhauen. Pl\u00f6tzlich hatte dann auch Bamsi die Chance einen Elfer zu verwandeln. Kersch: \u201eSuch Dir schon einmal eine harte Stelle in der Wand.\u201c Bamsi daraufhin; \u201eIch habe gleich eine harte Stelle in meiner Hose!\u201c Als er dann den Elfer vergab, wurde es nicht nur in seiner Hose weich, denn auch seine Beine gaben nach und er fiel schreiend um. Seine Vermutung war, dass er sich selber zu lustig fand. Profi-Frank nahm sich dann im Laufe des Abends immer mal wieder ein Beispiel am Emotionskegler und kam der Wand mit seinen H\u00e4nden gef\u00e4hrlich nahe, nicht immer konnte er sich bremsen, aber kontrolliert genug nutzte er nur die Handfl\u00e4chen. Auch wurde noch eine Anekdote zur vergangenen Helferfeier des TuS zum Besten gegeben. Kersch hat es n\u00e4mlich geschafft mit Dustin einen Zigarillo zu trinken, k\u00f6nnen nicht viele. Als sich das Liga-Spiel so langsam dem Ende n\u00e4herte, bemerkte Bamsi noch, dass in genau einem Jahr der Zwetschler da hinten in der Ecke stehen wird, was zu allgemeiner Belustigung und Vorfreude aufs n\u00e4chste Jahr f\u00fchrte. Kerschi brachte im Endspurt ungewollt noch ein wenig Spannung ins Spiel als er KC mit einem Schrei irritieren wollte, ihn damit schlussendlich zu einem Elfmeter verhalf. Es sei aber so viel vertraten, dass Kersch den \u201eAngriff\u201c mehr als souver\u00e4n abwehren konnte. In der letzten Runde kam es aber noch einmal zu zwei Highlights. Patta konnte im ersten alle Neune umm\u00e4hen und die Alte blank pr\u00fcgelte mit den F\u00e4usten auf die Wand ein, gl\u00fccklicherweise ist kein weiterer Einsatz von Tapezierdienst B\u00fcenfeld &amp; Kupitz erforderlich. Am Ende holte sich Kersch den Sieg vor den Gebr\u00fcdern Korb. Platz drei sicherte sich Patta in einem hochklassigen Stechen gegen Schroke.<\/p>\n\n\n\n<p>Im Anschluss erkl\u00e4rte uns Schroke die Kegelversion von Pokern. Patta: \u201eDas ist ja wie Pokern!\u201c In der ersten Runde konnten sich lediglich Bamsi, Patta und Schledden Frank ein gutes Blatt erspielen. Aber das muss ja nichts bedeuten, denn jeder wei\u00df, das Gl\u00fcck ist eine Hure. Patta st\u00f6rte das aber wenig und schwang sich mit einem Vierling zum Favoriten auf. Dann kam der gro\u00dfe Auftritt von Calvin. Mit nur einer 1 auf der Anzeige w\u00e4hlt er diese dennoch als seine Zahl und machte es eigentlich gar nicht schlecht. Doch tats\u00e4chlich schaffte er es ganze dreimal mit der kleinen Wumme au\u00dfen am linken Hurensohn vorbeizukegeln und das ohne Pumpe. Muss an den Holzschuhen liegen. Im Anschluss vergab Profi-Frank durch eine Pumpe noch die Chance auf eine Stra\u00dfe. Also schnappe sich Patta den Sieg und alle anderen mussten lacken.<\/p>\n\n\n\n<p>Auch das allseits beliebte Spiel \u201eFu\u00dfball\u201c sollte nicht fehlen und so trafen Team Wurst (Schroke, Bamsi, Calvin) und Team Pumpe (Kersch, Patta, Schledden Frank, KC) in Hin- und R\u00fcckspiel aufeinander. Nach Doppelpacks von Bamsi und KC stand es Remis, ehe Schroke die F\u00fchrung f\u00fcr Team Wurst erzielte. Dann lie\u00df KC nicht nur die Chance auf einen Dreierpack sonder auch die gro\u00dfe Chance auf den Ausgleich liegen und der Gegner wusste diesen Lapsus zu nutzen (Treffer Calvin, Schroke). Das Hinspiel ging somit an Team Wurst. So langsam lie\u00df neben dem K\u00f6nnen auch das Schreibwerk (Papier &amp; Stift) nach, aber f\u00fcr die Highlights des R\u00fcckspiels, welches auch Team Wurst f\u00fcr sich entscheiden konnte, hat es anscheinend noch gereicht. Bamsi bejubelte einen Treffer mit dem Pl\u00e4ten-Jubel. Er klopft sich mit der Kappe auf seine Pl\u00e4te \u2013 die Erfahrung machts. Zudem kam es zu mehreren verbalen Erg\u00fcssen von Schledden Frank, der seine Fehlw\u00fcrde nur noch mit den Worten \u201eImmer die gleiche Schei\u00dfe!\u201c zu kommentieren wusste.<\/p>\n\n\n\n<p>Zum letzten Spiel des Abends \u201e + &#8211; x \/ \u201c kann nur noch gesagt werden, dass Bamsi es f\u00fcr sich entscheiden konnte.<\/p>\n\n\n\n<p>Der gelungene und vor allem feucht-fr\u00f6hliche Re-Start macht Laune auf mehr und das September-Kegeln kann gar nicht fr\u00fch genug kommen, dann gerne wieder mit mehr W\u00fcrsten. Aber auch die beiden Gastkegler haben sich f\u00fcr weitere Abende empfohlen.<\/p>\n\n\n\n<p>Doch bevor es zum n\u00e4chsten Kegeln kommt, steht vom 17.09. &#8211; 19.09. noch die Kegelfahrt an, an einen f\u00fcr die Meisten noch unbekannten Ort. Freut euch auf den Bericht.<\/p>\n\n\n\n<p><strong>Kegeln im September<\/strong><\/p>\n\n\n\n<p>Eine Woche nach der Freiburg Tour hie\u00df es am Samstag, 25.09. zur\u00fcck in den Ligaalltag, raus aus dem Ganter Modus und bereit sein f\u00fcr den heimischen Gerstensaft aus Grevenstein der uns w\u00e4hrend der Sporteinheiten im Keller am Bergeshang ausgeschenkt wird. In Abwesenheit von H\u00fclse, Mossi, KC, Schroke und Kerschi trafen sich zun\u00e4chst nur 3 motivierte W\u00fcrste p\u00fcnktlich an der Klause und nutzten die Zeit um sich schonmal in aller Gem\u00fctlichkeit ein paar Pilschen zu verknuspern. Drei weitere W\u00fcrste (\u00d6tte, Patta und Bonnotonno) inkl. Dauergastkegler Calvin weilten zu dieser Zeit noch am Rumbecker Sportplatz beim Kartoffelbraten und sollten gesund und bereits recht munter mit etwas Versp\u00e4tung zur Gruppe sto\u00dfen. Demnach wurde sich geeinigt das Kegeln einfach einen Moment sp\u00e4ter beginnen zu lassen. Als alle da waren ging es gegen 21 Uhr in die Katakomben herunter um den Spielbetrieb aufnehmen zu k\u00f6nnen\u2026 Noch bevor Pluto seine er\u00f6ffnenden Worte sprechen konnte gab Korpi dem Brausepony die Anweisung heute nicht in 15 Minuten Abst\u00e4nden servieren zu sollen, sondern sie das Pensum auf alle 35 Minuten beschr\u00e4nken k\u00f6nne. Geholfen hat es nicht, geklappt schonmal gar nicht und vor allem gaben sowohl Patta selbst als auch Bonno direkt eine Runde Schnaps anl\u00e4sslich ihres jeweiligen Schl\u00fcpftages, sodass die Runde direkt auf Kurs gehalten wurde. Die er\u00f6ffnenden Worte von Pluto, er war wohl unter der Woche beim Kinderturnen, folgten und dann konnte der Spieltag er\u00f6ffnet werden. Beinahe klassisch pl\u00e4tscherten die ersten Runden so dahin ohne, dass sich jemand in eine absolute Topposition kegeln konnte oder aber aussichtslos abgeschlagen gewesen w\u00e4re. Erst gegen Mitte des Ligaspiels konnte sich Korbs M\u00fctze etwas vom Rest des Feldes absetzen. Die Gespr\u00e4che am Tisch waren, wie zumeist, gepr\u00e4gt von tiefer Sinnhaftigkeit. Ein Beleg hierf\u00fcr war u.a. ein philosophischer Beitrag zur Qualmerei. Als die Gofelbecher serviert und das Rauchen er\u00f6ffnet wurde, wurde festgestellt: \u201eEin Loch ist daf\u00fcr da um gestopft zu werden \u2013 stellt euch einfach vor die Lunge sei ein Loch, dann stopf es einfach und raucht.\u201c. So einfach kann das Leben sein. Weitere Ausf\u00fchrungen galten der deutschen Filmszene und einem ehemaligen, vorgestraften Nationalspieler. Hier sollte nicht unbedingt n\u00e4her drauf eingegangen werden&#8230; Lobenswert zu erw\u00e4hnen bleibt sicher noch, dass Bruder Tonno gegen Ende der sportlichen Aktivit\u00e4ten einfach mal so einen geben wollte \u2013 echt nett. Nett war auch der Stuhl, der \u00d6tte nicht hat st\u00fcrzen lassen, als der fetzige Hit \u201eI want to know what love is\u201c gespielt wurde. Das h\u00e4tte wohl auch in die Hose gehen k\u00f6nnen. Wie auch immer, abschlie\u00dfend kann man sagen, dass neben dem \u00fcblichen Stuss, vor allem eine interessante Taxifahrt am Rande der Legalit\u00e4t in Erinnerung bleiben wird, wenn wir \u00fcber das Kegeln im September \u00b421 sprechen werden.<\/p>\n\n\n\n<p><\/p>\n\n\n\n<p><strong>Rocktober Kegeln 2021<\/strong><\/p>\n\n\n\n<p>Verzichten musste man auf Dauerurlauber H\u00fclse, sowie zwei blaue Vertreter, welche lieber unterklassigen Fu\u00dfball im Gro\u00dfraum Herne live verfolgen wollten (Mossi + Scheune). Auf Gastkegler wurde in diesem Monat verzichtet, da sich damit zumindest 8 W\u00fcrste aufs Parkett begaben.<\/p>\n\n\n\n<p>Kegelmutti Bamsi sorgte im Vorfeld f\u00fcr Druck und teilte seinen Br\u00fcdern mit bereits ab 19:00 Uhr an der Tr\u00e4nke zu sitzen. Er erwarte dort seine durstigen Sportkegler. Leider war es allerdings Bamsi, der als letztes um 19:20 Uhr den Weg in die Berchklause fand.<\/p>\n\n\n\n<p>Der befreundete Kegelclub \u201eLos Brennos\u201c hat die Wurstpumpen im n\u00e4chsten Monat zum Stelldichein geladen. Pr\u00e4miert wird dort die sch\u00f6nste Hose. KorPi m\u00f6chte sich zu diesem Anlass extra eine h\u00e4ssliche Katzenhose kaufen, um sie nachher mit Gewinn weiterzuverkaufen (er hat schon eine Abnehmerin im Auge). Der Termin f\u00fcr die Feierlichkeit ist etwas ungl\u00fccklich, denn dort haben wir Kegeln. Am 13.11. kann jedenfalls niemand, da ist Schweineparty. Kurzerhand wurde das lustige Kugelwerfen einen Tag nach vorne gelegt.<\/p>\n\n\n\n<p>Schroke ist \u00fcbrigens bleifrei unterwegs, da ihn sein Ohr plagt. Ist das ein Vorteil? Wir trinken sonst alle sehr gerne Bier. Bamsi muss erstmal schauen, ob er \u00fcberhaupt kegeln kann. \u201eSeine\u201c hat ihn gerade in den Polizeigriff genommen.<\/p>\n\n\n\n<p>Beim gro\u00dfen Ergebnistippen setzt \u00d6tte seine Moneten auf einen Sieg von Kerschi (heutiger Pokalgegner), damit sein eigener Sieg nachher umso s\u00fc\u00dfer schmeckt.<\/p>\n\n\n\n<p>Dann endlich begr\u00fc\u00dft Pluto seine Mitbewerber zum Oktober-Thriller. Vor allem im Pokal stehen heute echte Hochrisiko-Spiele an. Nach seiner Rede bekommt er Seitenstiche, dann geht es los!<\/p>\n\n\n\n<p>KC legt gut los, er hat vermutlich an Pipos Peperoni gespielt \u2026 oder am Lippenstift des B\u00fcrgermeisters. Becker und Fischer gr\u00fcnden einen eigenen Kegelclub und nennen ihn \u201eKegelclub von Dennis Stratmann\u201c. Woraufhin Bamsi feststellt, dass Bonno unheimlich gut mit sich hadern kann. Der erste Durchgang war auf akzeptablem Niveau, bis auf Schroke mit einer 5. Befinden wir uns in einem Paralleluniversum? Pluto hat noch nie einen so unfreundlichen Menschen wie J\u00f6rg Schmadtke gesehen.<\/p>\n\n\n\n<p>Bamsi regt sich indes \u00fcber die \u201ewoke\u201c-Bewegung auf: \u201eDas ist alles nicht mehr normal. Wenn man noch normal ist, dann ist man nicht mehr normal!\u201c Er geht weiter ins Detail: \u201eOhne Schei\u00df, da kommt so eine kleine, fette 15-j\u00e4hrige Klientin zu mir und sagt, sie sei queer. Da musst du dich bei so einer entschuldigen, dass du mit einer Frau verheiratet bist!\u201c<\/p>\n\n\n\n<p>\u00d6tte stellt fest, dass selbst der Gesundheitsminister ein Kackestampfer ist.<\/p>\n\n\n\n<p>Runde 3: Schroke bleibt letzter. Was ist hier los? Daf\u00fcr nutzt Korbs C Wacholder- sowie Sergeant-Salty-Power f\u00fcr eine 15, was ein Brett! Dazu \u00d6tte: \u201e2 Chancen l\u00e4sst sich ein Korbs Christian nicht entnehmen.\u201c Aber auch Patta hat was vor. KorPi berichtet, er habe einmal Kevin Kernchen \u00fcber den Haufen gefahren. Seitdem muss er ihn nicht mehr mitnehmen.<\/p>\n\n\n\n<p>\u00d6tte geht nach oben um seiner Cousine zum Geburtstag zu gratulieren und kommt 5 Sekunden sp\u00e4ter mit einem dicken Grinsen zur\u00fcck.<\/p>\n\n\n\n<p>KorPi kegelt an diesem Abend nicht von dieser Welt. Er kegelt voller Hass und dominiert das Tableau. Plutos Gedanken kreisen sich nur \u00fcber das Rauchverbot in der Klause: \u201eSo lange wie ich jetzt nicht geraucht habe, habe ich noch nie geraucht beim Saufen.\u201c<\/p>\n\n\n\n<p>\u00d6tte ist auf Pokaljagd, er hat ein Auge auf den Pumpencup geworfen. Bamsi berichtet wie ruhig und besonnen er mittlerweile geworden ist, nur um eine Runde sp\u00e4ter die Festigkeit der Wand zu testen und bei w\u00fctendem Geschrei wie wild vor ebendiese zu kloppen. Just in diesem Moment wurde von der Getr\u00e4nkemagd Beute verteilt.<\/p>\n\n\n\n<p>KC redet sich derweil immer mehr in Rage, weil eine bekannte, korpulente Frau einen Verzehrgutschein f\u00fcr eine Veranstaltung gewonnen hat. Man hofft, dass es f\u00fcr sie reicht, um satt zu werden. Ansonsten m\u00fcsse sie halt noch den Gutschein essen.<\/p>\n\n\n\n<p>Plutos Gedanken kreisen nunmehr eher um die Politik: \u201eWenn du Lauterbach und Spahn siehst, dann wei\u00dft du, die SPD ist eine Schwuchtelpartei!\u201c<\/p>\n\n\n\n<p>Bei all dem inhaltvollen Gerede setzte Schroke zu einem furiosen Schlussspurt an und wirft eine 17. Zum gro\u00dfen Finale steigt pl\u00f6tzlich doch die Spannung. Aber KorPi war heute einfach nicht aufzuhalten und lie\u00df sich nicht mehr aus der Ruhe bringen. Das war ein Start-Ziel-Sieg f\u00fcr den Erstgeborenen von Korbs Dieter und Korbs Gertrud. Kerschi folgt auf Silber, Bronze holt Schroke. KorPi siegt damit auch im Br\u00fcderduell des Pokals, ihm folgen Kerschi, Schroke und Bamsi ins Halbfinale.<\/p>\n\n\n\n<p>Danach wird das allseits beliebte Fu\u00dfballspiel gekegelt. Zum ersten Mal in der Wurstpumpen-Geschichte hat es eine klare Niederlage f\u00fcr Team Schroke gegeben. Die Klause steht Kopf!<\/p>\n\n\n\n<p>Im Anschluss daran wird gepokert. Pluto: \u201eJa, 5x 0 ist auch eine Stra\u00dfe.\u201c \u00dcber die Regeln musste mal wieder diskutiert werden. Schroke gewinnt dieses Spiel am Ende gegen \u00d6tte und \u201emacht mit ihm den Boden gleich\u201c. Dann malt Korbs C einen komischen Kn\u00f6del. Schroke hat dabei wilde Fantasien. Er will f\u00fcr jeden Punktabzug einen auf den Arsch hauen!<\/p>\n\n\n\n<p>So endet einmal wieder das fantastische Kegeln der Wurstpumpen. 3 W\u00fcrste hatten noch eine sonderbare Heimfahrt, weil sie sich von einem wei\u00dfen Bulli verfolgt f\u00fchlten. Gl\u00fccklicherweise ist aber keiner zu Schaden gekommen (zumindest nicht von uns).<\/p>\n\n\n\n<p>Wir sehen uns wieder im November, da wird es bestimmt auch kr\u00e4ftig zur Sache gehen!<\/p>\n\n\n\n<p><\/p>\n\n\n\n<p><strong>Novemberkegeln<\/strong><\/p>\n\n\n\n<p>Tr\u00fcb ist der November. Um die Stimmung in diesem dunklen Monat aufzuhellen, machten sich f\u00fcnf wackere W\u00fcrste sowie zwei Gastkegler auf den Weg in die Bergklause zu Oeventrop, um in der warmen Atmosph\u00e4re der Kegelbahn dem Herbst-Blues zu entkommen. Es gelang \u2013 so viel sei vorweggenommen.<\/p>\n\n\n\n<p>\u201eWir m\u00fcssen der Situation trotzen\u201c, sagte Kegelvater Pluto zu Beginn und bezog sich zum einen auf das verf*ckte Coronavirus, dass im Herbst 2021 wieder mit voller Wucht zuschl\u00e4gt und zum anderen auf die doch ziemlich dezimierte Mannschaft an der langen Tafel auf Bahn 2 (oder 1?). Denn neben ihm hatten nur Kerschi, \u00d6tte, Schroke und Mossi den Weg in die Klause gefunden, hinzukamen als G\u00e4ste H\u00fctte und der \u201e\u00d6tte-Ultra\u201c Felix. Getrauert um die Fehlenden wurde allerdings nicht. Ein Teil weilte auf einem sehr kurzfristig anberaumten und noch viel kurzfristiger auf den Nachmittag vorverlegten Geburtstag. \u201eWir k\u00f6nnen froh sein, dass KC nicht um 15 Uhr zu dem Geburtstag gegangen ist und dann hierhin. Dann h\u00e4tten wir alle Redeverbot\u201c, vermutete \u00d6tte.<\/p>\n\n\n\n<p>Im Verlaufe des Abends, der sportlich ein sehr ordentliches Niveau hatte, kamen einige dunkle Geheimnisse der Anwesenden ans Licht: Schroke ist Mitglied und gro\u00dfz\u00fcgiger Spender im Katzenschutzbund, H\u00fctte hatte zu schrumplige Eier \u2013 dereinst; und Pluto ist ein Triebt\u00e4ter und darf bald Schneepflug fahren. Als die Bedienung eine Rutsche Kaltgetr\u00e4nke brachte und Pluto mal wieder \u00fcber sein Geh\u00e4nge philosophierte, fiel Gastkegler Felix etwas Interessantes auf: \u201eImmer, wenn sie reinkommt, sprichst du von Eiern.\u201c<\/p>\n\n\n\n<p>Aber auch die Welt der Stars und Sternchen kam an diesem Novemberabend nicht zu kurz: In der neuen Check24-Werbung spielt der d\u00fcnne Fischer in alt mit und u.a. ist Manni Schwabl aus dem Gr\u00f6bsten raus. Auch \u00fcber bekannte Personen des Dorfes erfuhr man interessante, aber auch unappetitliche Neuigkeiten. \u00d6tte freut sich unterdessen auf Schrokes zweites Studioalbum. \u201eViele K\u00fcnstler haben ja die Corona-Pause genutzt\u201c, lautete sein unterschwelliger Vorwurf, dass der Interpret von Hits wie \u201eWarum hast du kein Gleichgewicht\u201c noch keine neue Scheibe auf den Markt gebracht hat. Europa-Letten.<\/p>\n\n\n\n<p>Im Ligaspiel meldete sich Schroke eindrucksvoll zur\u00fcck und gewann am Ende deutlich vor Pluto und \u00d6tte. Letzter wurde Felix.<\/p>\n\n\n\n<p>Zum Abschluss f\u00fchrte der Kegelvater ein neues Spiel ein: \u201eHell-Dunkel\u201c. Die Mitglieder der zuvor ausgelosten Zweierteams mussten die normalen Spielrunden des Sechs-Tage-Rennens je nach gezogener Kahaarte entweder im Hellen oder im Dunkeln spielen. Ohne Licht auf der Kegelbahn \u2013 man sah als Kegler wirklich gar nichts \u2013 ert\u00f6nte das ein oder andere Mal die provisorisch installierte Glocke, sodass die durstige Meute in den Genuss k\u00f6stlicher Destillate kam. \u00d6tte und Mossi lie\u00dfen sich von den erschwerten Bedingungen aber nicht aus der Bahn werfen und kegelten ein Ergebnis, das m\u00f6glicherweise einen neuen Rekord f\u00fcr das Sechs-Tage-Rennen bedeutete.<\/p>\n\n\n\n<p>Die illustre Runde lie\u00df den Abend in der Gesellschaft von zwei Herren, einer davon im Fischer-Hemd, im Gastraum der Klause ausklingen. Am n\u00e4chsten Morgen hatte die tr\u00fcbe Novemberstimmung sie wieder \u2013 jedoch versprach die Einladung der \u201eLos Brennos\u201c zur Lustige-Hosen-Party am Folgeabend erneut Winterzeit-Fr\u00f6hlichkeit.<\/p>\n\n\n\n<p><\/p>\n\n\n\n<p><strong>Dezember-Kegeln<\/strong><\/p>\n\n\n\n<p>Das letzte Kegeln im zweiten Corona-Jahr 2021 sollte ein geschichtstr\u00e4chtiges werden. Davon war an diesem tr\u00fcben Samstag im Dezember aber zun\u00e4chst wenig zu sp\u00fcren. Wegen einer Parallelveranstaltung hatte das Team der Bergklause die Wurstpumpen um eine Verlegung ihres Kegeltermins gebeten. Dem kam man selbstverst\u00e4ndlich gerne nach.<\/p>\n\n\n\n<p>Weil ihm eine Kiste Bier schlecht zu werden drohte, hatte Kegelvater Pluto seine Kameraden vor der Abreise gen Oeventrop auf ein Kaltgetr\u00e4nk in seine Gem\u00e4cher geladen. Schnell zwei, drei Hastige einverleibt und schon stand der Gro\u00dfraumdampfer aus dem Hause Kerstholt vor der T\u00fcr.<\/p>\n\n\n\n<p>Verzichten mussten die W\u00fcrste an diesem Abend auf KC (die Bayern), \u00d6tte (Geburtstag von Ute), Bonno (schwere Verletzung in Diensten der ruhmreichen Amateure) und Kerschi (kurzfristig unp\u00e4sslich), sodass sich zun\u00e4chst sechs und mit Nachz\u00fcgler Scheune schlie\u00dflich sieben Sportkegler in den heiligen Hallen der Klause einfanden. Besonders gro\u00df war die Freude, dass H\u00fclse nach mehr als einem Jahr Pause mal wieder eine ruhige Kugel schob.<\/p>\n\n\n\n<p>Bamsi, der an diesem Abend im Halbfinale gegen den wiedererstarkten Schroke ranmusste, hoffte auf einen gro\u00dfen Coup gegen den Rekordchampion. Doch die Hoffnungen musste er bereits nach wenigen Runden begraben, weil der Meisterschaftsf\u00fchrende wie von einem anderen Stern kegelte. \u201eWenn Schroke zweimal einen Schlaganfall bekommt, haben wir vielleicht noch eine Chance\u201c, kommentierte Scheune s\u00fcffisant.<\/p>\n\n\n\n<p>Neben dem FC Bayern des Kegelns zog auch Kegelvater Pluto angesichts seiner eher unkr\u00e4ftigen W\u00fcrfe den Zorn seiner Mitstreiter auf sich. \u201eSo kegelt nur einer, der als Frau unter einer nicht namentlich genannten Personen liegen musste\u201c, w\u00fctete Bamsi, als Andre mit einem langsamen Wurf mal wieder den Domino-Day auf der Bahn ausl\u00f6ste \u2013 oder war es doch Olli?<\/p>\n\n\n\n<p>Doch dann erhob sich die gesamte Keglerschaft anerkennend, nachdem Schroke, wie eingangs erw\u00e4hnt, Geschichte geschrieben hatte. Das, was niemand jemals f\u00fcr m\u00f6glich gehalten hatte, war passiert: Schroke r\u00e4umte tats\u00e4chlich in einer Runde dreimal in Folge alle Neune ab und schmetterte sich schier unglaubliche 27 Punkte aufs Punktekonto. Nicht, dass er auch ohne dieses St\u00fcck Wurstpumpen-Geschichte haushoch gewonnen h\u00e4tte\u2026 Nichtsdestotrotz gab es lange stehende Ovationen f\u00fcr den Allzeit-Meister, der es selbst kaum glauben konnte.<\/p>\n\n\n\n<p>Schroke gewann das Ligaspiel dann auch erwartungsgem\u00e4\u00df vor Scheune, der trotz eines vorherigen Geburtstagsbesuchs sehr stark aufspielte und sich in der letzten Runde knapp auf den zweiten Platz vorschob, und Patta. Den unr\u00fchmlichen letzten Platz musste sich Bamsi ans Revers heften.<\/p>\n\n\n\n<p>Im Anschluss spielte die Runde eine weitere Runde des neuen Schlagerspiels \u201eHell-Dunkel\u201c im Sechs-Tage-Rennen-Modus. H\u00fclse, f\u00fcr den das Kegeln auf der unbeleuchteten Bahn absolutes Neuland war, studierte die Bahn vor seinem ersten Wurf gef\u00fchlte 15 Minuten lang, um die Kugel dann direkt in die Pumpe zu legen. Das sorgte f\u00fcr gro\u00dfes Gel\u00e4chter bei den \u00dcbrigen. Als dann das Licht wieder anging, lachte ihnen allerdings ein blanker Arsch entgegen.<\/p>\n\n\n\n<p>H\u00fclse waren die Anstrengungen des Abends sp\u00e4ter anzumerken. Er schmierte etwas ab und orderte sich bereits ein Taxi f\u00fcr die Heimreise. Immerhin spendierte er seinen Kegelbr\u00fcdern zum Abschied noch eine Runde Schnaps, die Korbs Patrick stellvertretend freigab: \u201eLeider ist mein Teamkollege heute gestorben.\u201c Die zweite Auflage von \u201eHell-Dunkel\u201c gewannen Schroke und Scheune, Bamsi wurde als Einzelk\u00e4mpfer erneut Letzter.<\/p>\n\n\n\n<p>Weil Patta bei einem der vergangenen Kegelabende in Ver\u00e4rgerung \u00fcber fehlende Medaillen gleich ein ganzes Paket ebensolcher geordert hatte, fiel die abschlie\u00dfende Siegerehrung etwas l\u00e4nger aus: Denn f\u00fcr die Tagesbesten in allen Kategorien (Pumpen, Tore, Rodungen) gab es Edelmetall, sodass jeder mit mehrfach Bronze, Silber und Gold behangen den Heimweg antreten konnte. W\u00e4hrend ein Kegelbruder still und heimlich den \u201ePolnischen\u201c machte, zog es ein durstiges Trio noch in die Stadt, um den Abend bei ein paar Getr\u00e4nken zu beenden.<\/p>\n","protected":false},"excerpt":{"rendered":"<p>Kegeln im August Nach fast einem Jahr Pause konnte am 28.09.2021 die Saison 2020-22 endlich mit dem 4.Spieltag fortgef\u00fchrt werden. Leider waren mit Kersch, Schroke, Patta, Bamsi und KC nur <a class=\"more-link\" href=\"https:\/\/die-wurstpumpen.de\/?page_id=898\">weiterlesen&#8230;<\/a><\/p>\n","protected":false},"author":2,"featured_media":0,"parent":14,"menu_order":0,"comment_status":"closed","ping_status":"closed","template":"","meta":{"footnotes":""},"_links":{"self":[{"href":"https:\/\/die-wurstpumpen.de\/index.php?rest_route=\/wp\/v2\/pages\/898"}],"collection":[{"href":"https:\/\/die-wurstpumpen.de\/index.php?rest_route=\/wp\/v2\/pages"}],"about":[{"href":"https:\/\/die-wurstpumpen.de\/index.php?rest_route=\/wp\/v2\/types\/page"}],"author":[{"embeddable":true,"href":"https:\/\/die-wurstpumpen.de\/index.php?rest_route=\/wp\/v2\/users\/2"}],"replies":[{"embeddable":true,"href":"https:\/\/die-wurstpumpen.de\/index.php?rest_route=%2Fwp%2Fv2%2Fcomments&post=898"}],"version-history":[{"count":7,"href":"https:\/\/die-wurstpumpen.de\/index.php?rest_route=\/wp\/v2\/pages\/898\/revisions"}],"predecessor-version":[{"id":969,"href":"https:\/\/die-wurstpumpen.de\/index.php?rest_route=\/wp\/v2\/pages\/898\/revisions\/969"}],"up":[{"embeddable":true,"href":"https:\/\/die-wurstpumpen.de\/index.php?rest_route=\/wp\/v2\/pages\/14"}],"wp:attachment":[{"href":"https:\/\/die-wurstpumpen.de\/index.php?rest_route=%2Fwp%2Fv2%2Fmedia&parent=898"}],"curies":[{"name":"wp","href":"https:\/\/api.w.org\/{rel}","templated":true}]}}