{"id":234,"date":"2016-12-16T07:38:08","date_gmt":"2016-12-16T06:38:08","guid":{"rendered":"http:\/\/die-wurstpumpen.de\/?page_id=234"},"modified":"2026-03-11T15:40:47","modified_gmt":"2026-03-11T14:40:47","slug":"daniel-2","status":"publish","type":"page","link":"https:\/\/die-wurstpumpen.de\/?page_id=234","title":{"rendered":"Daniel"},"content":{"rendered":"<p><strong>Daniel<\/strong><\/p>\n<p><img loading=\"lazy\" decoding=\"async\" class=\"alignleft  wp-image-1083\" src=\"http:\/\/die-wurstpumpen.de\/wp-content\/uploads\/2022\/05\/D.-Grossert-05.2022-169x300.jpg\" alt=\"\" width=\"204\" height=\"362\" srcset=\"https:\/\/die-wurstpumpen.de\/wp-content\/uploads\/2022\/05\/D.-Grossert-05.2022-169x300.jpg 169w, https:\/\/die-wurstpumpen.de\/wp-content\/uploads\/2022\/05\/D.-Grossert-05.2022-576x1024.jpg 576w, https:\/\/die-wurstpumpen.de\/wp-content\/uploads\/2022\/05\/D.-Grossert-05.2022-768x1365.jpg 768w, https:\/\/die-wurstpumpen.de\/wp-content\/uploads\/2022\/05\/D.-Grossert-05.2022-864x1536.jpg 864w, https:\/\/die-wurstpumpen.de\/wp-content\/uploads\/2022\/05\/D.-Grossert-05.2022-84x150.jpg 84w, https:\/\/die-wurstpumpen.de\/wp-content\/uploads\/2022\/05\/D.-Grossert-05.2022.jpg 900w\" sizes=\"(max-width: 204px) 100vw, 204px\" \/><\/p>\n<p>Spitzname(n):<\/p>\n<p>Mossi, der Mossad, Mostrich, Meersalz, Wombat, Daniel-Sun, Mollad<\/p>\n<p>Amt\/\u00c4mter:<\/p>\n<p>Kegelvater seit 22.03.2025<\/p>\n<p>Kegelmutter seit 22.03.205<\/p>\n<p>Abteilungsleiter \u201eSchwimmen\u201c vom 22.03.2024 \u2013 22.03.2025<\/p>\n<p>2. Chronist 31.07.2021 &#8211; 26.03.2022<\/p>\n<p>Kegelmutter vom 24.03.2018 &#8211; 23.03.2019<\/p>\n<p>2. Chronist 25.03.2017 &#8211; 24.03.2018<\/p>\n<p>2. Chronist bis 21.03.2015<\/p>\n<p>Erfolg(e):<\/p>\n<p>Pumpenk\u00f6nig 2010\/2011<\/p>\n<p>Pumpenk\u00f6nig 2014\/2015<\/p>\n<p>Konstrukteursmeister 2016\/2017<\/p>\n<p>Konstrukteursmeister 2019\/2020<\/p>\n<p>Sieger &#8222;Michael-Schumacher-Kegeln&#8220; Januar 2024<\/p>\n<p>Sch\u00fctzengeck 2024\/2025<\/p>\n<p>Boris-Becker-Besenkammer-Troph\u00e4en-Sieger 2024\/2025<\/p>\n<p>Boris-Becker-Besenkammer-Troph\u00e4en-Sieger 2025\/2026<\/p>\n<p>Unser lieber Daniel \u2013 oder besser: Mossi, Mossad oder auch Froschad, Meersalz, Mostrich \u2013 ist ein stets gern gesehener Kegelbruder und guter Freund. Er verfasst nicht nur unnachahmliche Texte f\u00fcr die Chronik, sondern \u00fcberzeugt auf Kegelabenden auch stets durch seine gute Laune. So ist er f\u00fcr jeden Spa\u00df und jedes Getr\u00e4nk zu haben. Sportlich ist er immer h\u00f6chst motiviert und scheut keinen noch so risikoreichen Wurf. Unvergessen bleibt auch sein T\u00e4nzchen, bei dem er beinahe schwerelos mit einer barbusigen Kappe (der sog. Tittenm\u00fctze) zu den Kl\u00e4ngen von Rihanna, die Liebe an einem hoffnungslosen Platz fand, \u00fcber die Bahn schwebte. Bleib so wie du bist, wir freuen uns schon auf die n\u00e4chsten Hartschalen beim Kegeln mit dir!<\/p>\n","protected":false},"excerpt":{"rendered":"<p>Daniel Spitzname(n): Mossi, der Mossad, Mostrich, Meersalz, Wombat, Daniel-Sun, Mollad Amt\/\u00c4mter: Kegelvater seit 22.03.2025 Kegelmutter seit 22.03.205 Abteilungsleiter \u201eSchwimmen\u201c vom 22.03.2024 \u2013 22.03.2025 2. Chronist 31.07.2021 &#8211; 26.03.2022 Kegelmutter vom <a class=\"more-link\" href=\"https:\/\/die-wurstpumpen.de\/?page_id=234\">weiterlesen&#8230;<\/a><\/p>\n","protected":false},"author":2,"featured_media":0,"parent":11,"menu_order":0,"comment_status":"closed","ping_status":"closed","template":"","meta":{"footnotes":""},"_links":{"self":[{"href":"https:\/\/die-wurstpumpen.de\/index.php?rest_route=\/wp\/v2\/pages\/234"}],"collection":[{"href":"https:\/\/die-wurstpumpen.de\/index.php?rest_route=\/wp\/v2\/pages"}],"about":[{"href":"https:\/\/die-wurstpumpen.de\/index.php?rest_route=\/wp\/v2\/types\/page"}],"author":[{"embeddable":true,"href":"https:\/\/die-wurstpumpen.de\/index.php?rest_route=\/wp\/v2\/users\/2"}],"replies":[{"embeddable":true,"href":"https:\/\/die-wurstpumpen.de\/index.php?rest_route=%2Fwp%2Fv2%2Fcomments&post=234"}],"version-history":[{"count":17,"href":"https:\/\/die-wurstpumpen.de\/index.php?rest_route=\/wp\/v2\/pages\/234\/revisions"}],"predecessor-version":[{"id":1536,"href":"https:\/\/die-wurstpumpen.de\/index.php?rest_route=\/wp\/v2\/pages\/234\/revisions\/1536"}],"up":[{"embeddable":true,"href":"https:\/\/die-wurstpumpen.de\/index.php?rest_route=\/wp\/v2\/pages\/11"}],"wp:attachment":[{"href":"https:\/\/die-wurstpumpen.de\/index.php?rest_route=%2Fwp%2Fv2%2Fmedia&parent=234"}],"curies":[{"name":"wp","href":"https:\/\/api.w.org\/{rel}","templated":true}]}}