{"id":220,"date":"2016-12-16T07:31:39","date_gmt":"2016-12-16T06:31:39","guid":{"rendered":"http:\/\/die-wurstpumpen.de\/?page_id=220"},"modified":"2026-03-23T09:22:49","modified_gmt":"2026-03-23T08:22:49","slug":"andre","status":"publish","type":"page","link":"https:\/\/die-wurstpumpen.de\/?page_id=220","title":{"rendered":"Andr\u00e9"},"content":{"rendered":"<p><strong>Andre<\/strong><\/p>\n<p><img loading=\"lazy\" decoding=\"async\" class=\"alignleft  wp-image-1080\" src=\"http:\/\/die-wurstpumpen.de\/wp-content\/uploads\/2022\/05\/A.-Mester-05.2022-169x300.jpg\" alt=\"\" width=\"174\" height=\"309\" srcset=\"https:\/\/die-wurstpumpen.de\/wp-content\/uploads\/2022\/05\/A.-Mester-05.2022-169x300.jpg 169w, https:\/\/die-wurstpumpen.de\/wp-content\/uploads\/2022\/05\/A.-Mester-05.2022-576x1024.jpg 576w, https:\/\/die-wurstpumpen.de\/wp-content\/uploads\/2022\/05\/A.-Mester-05.2022-768x1365.jpg 768w, https:\/\/die-wurstpumpen.de\/wp-content\/uploads\/2022\/05\/A.-Mester-05.2022-864x1536.jpg 864w, https:\/\/die-wurstpumpen.de\/wp-content\/uploads\/2022\/05\/A.-Mester-05.2022-84x150.jpg 84w, https:\/\/die-wurstpumpen.de\/wp-content\/uploads\/2022\/05\/A.-Mester-05.2022.jpg 900w\" sizes=\"(max-width: 174px) 100vw, 174px\" \/><\/p>\n<p>Spitzname(n):<\/p>\n<p><span style=\"font-size: inherit;\">Pluto, Ondr\u00f6<\/span><\/p>\n<p>Amt\/\u00c4mter:<\/p>\n<p>Mitglied des 3-k\u00f6pfigen \u00c4ltestenrates seit 21.03.2026<\/p>\n<p>1. Chronist seit 26.03.2022<\/p>\n<p>Kegelvater seit 03.07.2020<\/p>\n<p>Kegelvater vom 25.03.2017 &#8211; 23.03.2019<\/p>\n<p>Kegelvater vom 21.03.2008 (Gr\u00fcndung) \u2013 23.03.2013<\/p>\n<p>Erfolg(e):<\/p>\n<p>Gewinner des 3-j\u00e4hrigen Geburtstagskegelns M\u00e4rz 2011<\/p>\n<p>Pokalsieger 2023\/2024<\/p>\n<p>Konstrukteursmeister 2023\/2024<\/p>\n<p>Gr\u00fcndungsmitglied und \u201eDauer-Kegelvater\u201c Pluto tr\u00e4gt die Wurstpumpen tief im Herzen. Meist ist er verantwortlich f\u00fcr die fantastischen Beitr\u00e4ge im Social Media. Dort kreiert er zum Thema des Kegelabends passende Videos in witziger Art und Weise. Ebenso gewaltig sind seine W\u00fcrfe, bei denen er seine schwule Kugel \u00fcber die Bahn kullert. An guten Tagen (oder wenn sein Vater Olli Zeit hat) kann er dem FC Bayern des Kegelns (Schroke) gef\u00e4hrlich werden und so holte er in der Vergangenheit bereits den ein oder anderen Monatssieg. Sportlich muss man Pluto immer auf dem Zettel haben! Beim Fu\u00dfball gilt er als Traditionalist, bei den Wurstpumpen versucht er den Kegelsport allerdings immer wieder mit neuen Ligasystemen zu revolutionieren. Wir finden dich klasse, mach weiter so!<\/p>\n","protected":false},"excerpt":{"rendered":"<p>Andre Spitzname(n): Pluto, Ondr\u00f6 Amt\/\u00c4mter: Mitglied des 3-k\u00f6pfigen \u00c4ltestenrates seit 21.03.2026 1. Chronist seit 26.03.2022 Kegelvater seit 03.07.2020 Kegelvater vom 25.03.2017 &#8211; 23.03.2019 Kegelvater vom 21.03.2008 (Gr\u00fcndung) \u2013 23.03.2013 Erfolg(e): <a class=\"more-link\" href=\"https:\/\/die-wurstpumpen.de\/?page_id=220\">weiterlesen&#8230;<\/a><\/p>\n","protected":false},"author":2,"featured_media":0,"parent":11,"menu_order":0,"comment_status":"closed","ping_status":"closed","template":"","meta":{"footnotes":""},"_links":{"self":[{"href":"https:\/\/die-wurstpumpen.de\/index.php?rest_route=\/wp\/v2\/pages\/220"}],"collection":[{"href":"https:\/\/die-wurstpumpen.de\/index.php?rest_route=\/wp\/v2\/pages"}],"about":[{"href":"https:\/\/die-wurstpumpen.de\/index.php?rest_route=\/wp\/v2\/types\/page"}],"author":[{"embeddable":true,"href":"https:\/\/die-wurstpumpen.de\/index.php?rest_route=\/wp\/v2\/users\/2"}],"replies":[{"embeddable":true,"href":"https:\/\/die-wurstpumpen.de\/index.php?rest_route=%2Fwp%2Fv2%2Fcomments&post=220"}],"version-history":[{"count":17,"href":"https:\/\/die-wurstpumpen.de\/index.php?rest_route=\/wp\/v2\/pages\/220\/revisions"}],"predecessor-version":[{"id":1552,"href":"https:\/\/die-wurstpumpen.de\/index.php?rest_route=\/wp\/v2\/pages\/220\/revisions\/1552"}],"up":[{"embeddable":true,"href":"https:\/\/die-wurstpumpen.de\/index.php?rest_route=\/wp\/v2\/pages\/11"}],"wp:attachment":[{"href":"https:\/\/die-wurstpumpen.de\/index.php?rest_route=%2Fwp%2Fv2%2Fmedia&parent=220"}],"curies":[{"name":"wp","href":"https:\/\/api.w.org\/{rel}","templated":true}]}}