{"id":177,"date":"2016-12-16T07:09:38","date_gmt":"2016-12-16T06:09:38","guid":{"rendered":"http:\/\/die-wurstpumpen.de\/?page_id=177"},"modified":"2016-12-16T07:09:38","modified_gmt":"2016-12-16T06:09:38","slug":"2008-eismecke","status":"publish","type":"page","link":"https:\/\/die-wurstpumpen.de\/?page_id=177","title":{"rendered":"2008 &#8211; Eismecke"},"content":{"rendered":"<p>Unsere erste Kegeltour verbrachten wir in der Ski-H\u00fctte des Ski-Clubs Rumbeck. Weil unser Kegelclub noch sehr jung war und auch die Kasse noch nicht richtig bef\u00fcllt, suchten wir uns diese g\u00fcnstige Alternative aus. Im Vorfeld gab es viel zu organisieren: Bestellungen der Getr\u00e4nke, Buchung einer Kegelbahn und nat\u00fcrlich den schriftlichen Miet-Kram zu kl\u00e4ren. Wir verzichteten aufgrund einiger kritischer Stimmen auf den Schmaus des Wirtes oberhalb der H\u00fctte und k\u00fcmmerten uns lieber selbst darum. In und um der Ski-H\u00fctte ist kilometerweit so gut wie nichts, man war auf sich allein gestellt. Am ersten Abend legten wir einen ewig langen Fu\u00dfmarsch durch die Dunkelheit und Regen hin um die angemietete Kegelgastst\u00e4tte \u201eZum Holl\u00e4nder\u201c zu erreichen. Der Name dieser Lokalit\u00e4t hielt was er versprach. Beim kurzen Zwischenstopp am Haupteingang von \u201eFort-Fun\u201c knipsten wir ein legend\u00e4res Gruppenfoto. Selten haben wir so eine schlechte Kegelbahn gesehen, nur die zahlreichen holl\u00e4ndischen K\u00f6stlichkeiten tr\u00f6steten uns dar\u00fcber hinweg. Nach dem Kegeln fuhren wir per (\u00fcberteuertem) Taxi zur\u00fcck in die Eismecke, wo jede Menge alkoholhaltige Getr\u00e4nke auf uns warteten. Vor allem das Spiel \u201eReise nach Jerusalem\u201c h\u00e4ngt sicherlich noch einigen im Hinterkopf. An Tag 2 musste die Verlierermannschaft des Vorabends f\u00fcr die Gewinner kochen. Bei einigen blieb diese K\u00f6stlichkeit allerdings nicht lange im Verdauungstrakt. Man hatte doch zu sehr an dem Vortag zu knabbern. Das Aufr\u00e4umen verlief sehr chaotisch, so war es auch kein Wunder, dass wir noch einen Anruf des H\u00fcttenwartes erhielten. Kurzum: F\u00fcr Externe raten wir dringend von der Eismecke ab. Nichts in der Umgebung, absolut nichts! Wir waren uns dessen nat\u00fcrlich bewusst und m\u00f6chten ja auch nicht meckern, wir wussten ja was uns erwartet. Aber so konnten wir wenigstens sagen, dass wir unsere erste Kegeltour hinter uns gebracht haben. Wer sich dennoch gerne ein Bild von der Eismecke machen m\u00f6chte, bittesch\u00f6n: http:\/\/www.skiclub-rumbeck.de\/html\/skihutte_eismecke.html<\/p>\n","protected":false},"excerpt":{"rendered":"<p>Unsere erste Kegeltour verbrachten wir in der Ski-H\u00fctte des Ski-Clubs Rumbeck. Weil unser Kegelclub noch sehr jung war und auch die Kasse noch nicht richtig bef\u00fcllt, suchten wir uns diese <a class=\"more-link\" href=\"https:\/\/die-wurstpumpen.de\/?page_id=177\">weiterlesen&#8230;<\/a><\/p>\n","protected":false},"author":2,"featured_media":0,"parent":19,"menu_order":0,"comment_status":"closed","ping_status":"closed","template":"","meta":{"footnotes":""},"_links":{"self":[{"href":"https:\/\/die-wurstpumpen.de\/index.php?rest_route=\/wp\/v2\/pages\/177"}],"collection":[{"href":"https:\/\/die-wurstpumpen.de\/index.php?rest_route=\/wp\/v2\/pages"}],"about":[{"href":"https:\/\/die-wurstpumpen.de\/index.php?rest_route=\/wp\/v2\/types\/page"}],"author":[{"embeddable":true,"href":"https:\/\/die-wurstpumpen.de\/index.php?rest_route=\/wp\/v2\/users\/2"}],"replies":[{"embeddable":true,"href":"https:\/\/die-wurstpumpen.de\/index.php?rest_route=%2Fwp%2Fv2%2Fcomments&post=177"}],"version-history":[{"count":1,"href":"https:\/\/die-wurstpumpen.de\/index.php?rest_route=\/wp\/v2\/pages\/177\/revisions"}],"predecessor-version":[{"id":179,"href":"https:\/\/die-wurstpumpen.de\/index.php?rest_route=\/wp\/v2\/pages\/177\/revisions\/179"}],"up":[{"embeddable":true,"href":"https:\/\/die-wurstpumpen.de\/index.php?rest_route=\/wp\/v2\/pages\/19"}],"wp:attachment":[{"href":"https:\/\/die-wurstpumpen.de\/index.php?rest_route=%2Fwp%2Fv2%2Fmedia&parent=177"}],"curies":[{"name":"wp","href":"https:\/\/api.w.org\/{rel}","templated":true}]}}