{"id":1222,"date":"2023-10-30T15:27:53","date_gmt":"2023-10-30T14:27:53","guid":{"rendered":"http:\/\/die-wurstpumpen.de\/?page_id=1222"},"modified":"2023-10-30T15:27:53","modified_gmt":"2023-10-30T14:27:53","slug":"2023-halle-peissen","status":"publish","type":"page","link":"https:\/\/die-wurstpumpen.de\/?page_id=1222","title":{"rendered":"2023 &#8211; Halle\/Pei\u00dfen"},"content":{"rendered":"\n<p>Kegeltour 2023<br>Lange war ger\u00e4tselt worden und sp\u00e4testens ab dem Montag vor Beginn der Kegeltour im Jahr 2023 schossen die Spekulationen \u00fcber die etwaige Destination in alle Richtungen. Norderney, Leiwen, vielleicht doch ein Trip in eine Gro\u00dfstadt &#8211; Samba Zug oder Anreise auf konventionelle Art??! Die Ideen im Kreise der W\u00fcrste gingen, im wahrsten Sinne des Wortes, in alle Richtungen. Und so wurde es Zeit, dass der gro\u00dfe Tag endlich anbrach und sich eine durstige und gut gelaunte Truppe von insgesamt 12 W\u00fcrsten am Freitagmorgen bereits in der Dunkelheit um 0700 Uhr am Oeventroper Bahnhof zur Abfahrt versammelte. Es fehlten diese Reise lediglich und leider Pluto und Vossi. Einen D\u00e4mpfer der unerwarteten Art musste man allerdings bereits schon Vorfeld der Tour einstecken: Unser langj\u00e4hriges und liebgewonnenes Mitglied H\u00fclse verk\u00fcndete n\u00e4mlich zwei Tage vor der Fahrt pl\u00f6tzlich und unerwartet seinen Abschied von den Wurstpumpen. Bei aller Traurigkeit von H\u00fclses Entscheidung \u2013 sp\u00e4testens da sollte es dann auch jeder gerafft haben, dass es unsere Aufgabe ist, den Jungen mit einer unvergesslichen letzten Kegeltour geb\u00fchrend aus dem Kreise der Wurstpumpen zu verabschieden. Aber auch nur vorr\u00fcbergehend!! Dementsprechend motiviert machte sich unsere Reisegruppe dann mit der regionalen Bimmelbahn auf in Richtung des Hauptbahnhofs der Dortmunder Bierhauptstadt. Hier sollte nochmal genug Zeit sein sich mit (einem Palettenwagen) frischen Bier einzudecken, einen Strahl Wasser ins Container-Pissoir zu setzen oder nochmal feste Nahrung zu besorgen. Und hier war auch der Ort, an dem das Geheimnis um das Tour Ziel nicht unter dem Deckmantel gehalten werden konnte. Die rot gekleidete und demnach gut als M\u00fcller-Mitarbeiterin-M\u00e4ggy erkennbare Dame, welche sich bei uns in der Runde gesellte, setzte das Orgateam unter Zugzwang und somit konnte nicht mehr um den hei\u00dfen Brei drumherum gelabert werden: Der M\u00fcller Tanz Zug sollte uns tief in die ostdeutsche Zone, nach Halle an der Saale, bringen. Dort erwartete uns die ber\u00fchmt ber\u00fcchtigte Partydestination \u201eHallorca\u201c &#8211; selbstverst\u00e4ndlich im typisch spanischen Flair mit kilometerlangem Sandstrand, Sangria in Eimern, Palmen und \u00fcberall spanischen Flaggen. Endlich mal ein akzeptabler Nationalstolz im Osten Deutschlands. Zur Anfahrt sei noch gesagt, dass es, nachdem es mit einst\u00fcndiger Versp\u00e4tung endlich in Dortmund losging, eine lockere, ausgelassene und kurzweilige Fahrt war. Einige verbrachten die Zeit \u00fcberwiegend mit den Br\u00fcdern im Abteil, andere wiederum nutzten die Zeit um im Partyabteil schonmal in Ballermannlaune zu kommen. Vor Ort angekommen wurde man erstmal standesgem\u00e4\u00df mit Brat-im-Br\u00f6t und leckerem Ketchup begr\u00fc\u00dft bevor dann die Zimmer bezogen wurden und die n\u00e4chsten Kaltgetr\u00e4nke in die Kehlen flossen. Alsbald ging es bereits zum Abendbrot in der gro\u00dfen spanischen Tapasbar. Dort erwarteten uns typische spanische kulinarische Gen\u00fcsse wie Frikadellen, Wienerschnitzel, Braten und und und. Lecker und eine solide Grundlage f\u00fcr alles was noch folgen sollte. Sch\u00f6n auch, wie man die erw\u00e4hnten Tapas zwischen idyllisch wirkenden spanischen Wasserquellen anrichtete \u2013 dieses Ambiente versetzte einen gedanklich wirklich ganz schnell nach Andalusien. Nach Einnahme der Mahlzeit schaute eine gro\u00dfe Truppe der Wurstpumpen, teils sogar in Trikot, dem altehrw\u00fcrdigen BVB beim Freitagsabendspiel der Bundesliga zu ehe es dann in die Tanzr\u00e4umlichkeiten und in die Nacht ging. Es muss auf jeden Fall eine gute Party gewesen sein, denn ein Kegelbruder schaffte es, unter unbekannten Umst\u00e4nden, sich nachts irgendwie auf einem Nachbarzimmer in der Besucherritze zwischen zwei fremden Herren wiederzufinden. Zumal er sich vorher auf dem eigenen Zimmer zumindest schon einem Teil seiner Kleidung entledigt haben muss. Die Rekonstruktion gelang leider nicht, aber immerhin konnte im Nachhinein aufgekl\u00e4rt werden, um welche Herren es sich handelte. Nach einer kurzen Nacht versammelten sich die Kegelbr\u00fcder, mehr oder weniger fit, peu \u00e0 peu in der Fr\u00fchst\u00fcckshalle. Hier konnte der Vorabend in Ruhe analysiert, eine Grundlage geschaffen und die ersten k\u00fchlen Drinks des Tages genossen werden. Im Anschluss bestand die M\u00f6glichkeit sich zum Fr\u00fchschoppen an der Playa von Halle Pei\u00dfen einzufinden. Bei sich deutlich besserndem Wetter konnte man tats\u00e4chlich in kurzer Hose in der Sonne verweilen und die Zeit unter Freunden genie\u00dfen. Dennoch bestand bei einigen W\u00fcrsten die Motivation die Gegend etwas zu erkunden und so wurde der Plan geschmiedet, gegen Mittag ins nahelegende Leuna- ach quatsch, Kurt-Wabbel-Stadion aufzubrechen um den \u00f6rtlichen Drittligist Chemie Halle gegen die Kicker vom Jahn Regensburg zum Sieg zu schreien. Lediglich Kerschi, Schroke und Liverpoolkorb blieben an der Playa, f\u00fcr den Rest war Fussball angesagt. Nach kurzer Anfahrt mit drei Taxen fand man sich schnell am Stadion ein. Nachdem noch leckere Kaltschalen vernichtet wurden und man sich mit reichlich Chemie Halle Merch eingedeckt hatte ging es schnell durchs Mundloch auf die Trib\u00fcnen wo man das satte Gr\u00fcn erblicken konnte. Das Stadion f\u00fcllte sich langsam und war, auch aufgrund des zuletzt ausbleibenden Erfolgs der Hallenser, nur zu zweidritteln gef\u00fcllt. Dies sollt der Stimmung allerdings keinen Abbruch tun. Nach einem kurzen Blick ins Stadionheft war es auch bereits soweit und die Teams betraten das Spielfeld. Das Geschehen auf dem Feld ist schnell abgehandelt, wir sehen ein m\u00e4\u00dfiges Drittligaspiel in dem sich der ausw\u00e4rtige Favorit aus Regensburg am Ende knapp durchsetzt und unsere Jungs von Chemie Halle noch tiefer in die Abstiegsmisere schie\u00dft. An Support der W\u00fcrste hat es nicht gelegen. Attestierte Vors\u00e4nger Matze (der Typ mit dem Wackeldackelkopp und der ausgewaschenen M\u00fctze) der Kurve eine gute Mitmachquote und mahnte zeitgleich die verbesserungsw\u00fcrdige Lautst\u00e4rke an so durften die anwesenden W\u00fcrste sich davon nicht angesprochen f\u00fchlen. Wir haben auf den R\u00e4ngen alles gegeben und verlie\u00dfen das Stadion mit doch teils arg l\u00e4dierten Stimmb\u00e4ndern. Drauf geschissen, neuen Sympathieclub gewonnen und in dem Sinne werden sich sicher einige Wurstpumpen schon am Folgewochenende der Tour, \u201escheiss egal ob mit Fahrrad oder Schiff \u2013 alle nach ULM\u201c aufmachen um den Bock gemeinsam mit Chemie umzusto\u00dfen. Kurze Frage noch: \u201eWas machen wir mit Wessi-Schweinen?\u201c \u2013 Die Antwort auf die Frage gilt es noch zu kl\u00e4ren aber eins steht fest: \u201eLok und Halle \u2013 nur Kaputte\u201c. Nachdem Kick ging es dann z\u00fcgig mit dem Tacker wieder zur\u00fcck an die Playa wo uns der Rest schon erwartete. Auch diese drei hatten sich den Nachmittag \u00fcber mit Fu\u00dfball schauen die Zeit vertrieben und Bekanntschaft mit einem netten \u00e4lteren Herren gemacht. Dieser ermunterte auch einen jungen Mann, der mit einer Gummipuppe in der Hand an der fu\u00dfballschauenden Gemeinschaft vorbeilief doch bitte ein (Achtung, jetzt kommt\u2018s\ud83d\ude0a) GUMMI &#8211; zu benutzen. Netter Mensch. Z\u00fcgig ging es dann weiter zum abendlichen Buffet, wo uns, wieder typisch Mallorca, ein bayerischer Abend erwartete an dem es schmackhafte Wei\u00dfw\u00fcrschtel, Leberk\u00e4s, Brezen und weitere Leckereien gab. Kurzzeitig kam es, fast wie original am Ballermann, zu einer t\u00e4tlichen Auseinandersetzung im Essenssaal \u2013 eine anwesende Wurstpumpe verwechselte wohl die Buffettafel mit dem Teller eines Gastes welcher dieses gar nicht witzig fand und bereit war, nach Faustrecht um seinen Kn\u00f6del zu k\u00e4mpfen. Die Streith\u00e4hne konnten aber noch im letzten Moment voneinander getrennt werden. Dank an dieser Stelle an Bonno f\u00fcr Deine Unterst\u00fctzung \u2013 einmal Ketchupbruder, immer Ketchupbruder! Und so nahm so langsam auch der zweite Abend an Fahrt auf und es konnte noch das ein oder andere frische alkoholhaltige Getr\u00e4nk zu sich genommen werden \u2013 wahlweise an der Bartheke (vergleichbar mit dem Bamboleo am B6) oder dem Hallenser Megapark im Keller des Hotels. Noch nicht von Firma M\u00fcller angeboten war eine (un)gef\u00fchrte Tour durch die Katakomben des Hotels wo man sich f\u00fcr ein Leben lang mit Bacardi Vorr\u00e4ten h\u00e4tte versorgen k\u00f6nnen und den Spind einer Mitarbeiterin inspizieren konnte. Vermutlich wird sie irgendwann vom Duft ihres eigenes Parfums umkommen. Irgendwann wurde man von der \u201eHotel-Polic\u00eda\u201c abgef\u00fchrt und zur\u00fcck in den Megapark geleitet. Da wurde wohl Gnade vor Recht walten lassen. Der Abend verlief dann weitestgehend entspannt und irgendwann hie\u00df es dann ab in die Falle. Auf dem Weg dorthin nutzte ein Kegelbruder nochmal flink die Gelegenheit seine Notdurft in der Hotellobby und ihm Fahrstuhl zu verrichten. Wenn er muss, dann muss er halt. Soweit bekannt fand dann auch ein jeder an diesem Abend auch tats\u00e4chlich seine richtige Liege.<br>Vor dem Abschied nehmen wurde nochmals entspannt das Fr\u00fchst\u00fcck eingenommen und sich f\u00fcr die anstehende R\u00fcckreise gest\u00e4rkt. Hier bestand nat\u00fcrlich auch die M\u00f6glichkeit der Pegelauffrischung welche man nat\u00fcrlich nutzte. W\u00e4hrend man noch entspannt \u00fcber die Geschehnisse am Vortag fachsimpelte standen pl\u00f6tzlich drei halbstarke in schwarz gekleidete Security Mitarbeiter mit eindeutig der Zone zuzuordnendem Akzent und die Reiseleitung der Firma M\u00fcller Tours vor den anwesenden Kegelbr\u00fcdern. Sie hielten uns unmissverst\u00e4ndlich dazu an, \u201esofort die gestohlenen Dinge des Hotels\u201c, welche durch Mitglieder unseres Clubs entwendet worden seien, \u201eherauszur\u00fccken\u201c. Nach mehreren R\u00fcckfragen und Beteuerungen nichts entwendet zu haben kristallisierte sich heraus, dass es um eine Dekoschnittlauchpflanze handele, welche das Objekt der Begierde gewesen sein soll. Man habt ihr Probleme im Osten, Dekoschnittlauch \u2013 geht\u2019s noch? Man kam sich vor als h\u00e4tte man aktiv im Kreml an Putins Seite gesessen und w\u00fcrde nun am Kriegsverbrechertribunal in Den Haag angeklagt. Das Personal verschaffte sich aufgrund des Verdachts sogar ungefragt Zugang zu zwei Zimmern der Wurstpumpen. Gut, der Stein des Ansto\u00dfes war, dass Bonno und Bamsi mehrfach versuchten die oben erw\u00e4hnten spanischen Wasserquellen welche dekom\u00e4\u00dfig das Buffet versch\u00f6nten zu entwenden. Aus Spa\u00df, was bitte soll man mit so einem schei\u00df Brunnen anfangen?? Auch das hatte bereits den Hotelleiter auf den Plan gerufen der mit den Worten \u201emachst du das nochmal haue ich dir einen auf die Fresse\u201c f\u00fcr Ordnung sorgte. Coole Socken seid ihr da in der Zone. Kriegt eure eigenen Probleme da in den Griff Kerl\u2026<br>\u2026 kurz nach der Anklage und der damit verbundenen Aufregung hie\u00df es dann auschecken und auf in die Busse Richtung Bahnhof. W\u00e4hrend der entspannten Busfahrt wurde nochmal der ein oder andere Fangesang von Chemie Halle getr\u00e4llert was bei vielen gut ankam \u2013 \u201edie Jungs hatten auf jeden Fall ein gutes Wochenende\u201c \u2013 vollkommene Zustimmung. Auch konnte sich hier das R\u00e4tsel um die beiden Bettnachbarn des am Freitag auf dem falschen Zimmer kl\u00e4ren was f\u00fcr gro\u00dfes Gel\u00e4chter bei allen Mitfahrern sorgte. Am Halleschen Bann\u00f6f noch schnell nen D\u00f6ner und nen kalten Halben geshoppt und dann ging es schon mit der Sambarakete Richtung Heimat. Eine entspannte aber dennoch feuchtfr\u00f6hliche und lustige R\u00fcckfahrt endete dann eine Stunde eher als erwartet in heimischen Gefilden wo es einige Jungs direkt nach Hause verschlug w\u00e4hrend andere noch zum Essen und Biertrinken zu Brennen Michael in die Kneipe gingen. Dort traf man noch auf die ebenfalls auf Fahrt gewesenen Alten Herren des TuS Oeventrop und so endete auch dieser Abend f\u00fcr den hier schreibenden Kegelbruder mit Thekenschluss um 23 Uhr.<br>Zusammenfassend: Besten Dank f\u00fcr die hervorragende Orga an Kerschi, Patta und Schroke \u2013 die Tour war gut durchgeplant und es hat alles wunderbar geklappt. Es waren tolle Tage im Kreise des Kegelclubs und man freut sich schon bei den folgenden Kegelabenden \u00fcber die ein oder andere Geschichte herzhaft zu lachen. Und, nach der Tour ist vor der Tour \u2013 man darf gespannt sein, wo es uns dann in zwei Jahren hin verschlagen wird \u2013 am Besten in kompletter St\u00e4rke &amp; mit H\u00fclse!!!<br><\/p>\n","protected":false},"excerpt":{"rendered":"<p>Kegeltour 2023Lange war ger\u00e4tselt worden und sp\u00e4testens ab dem Montag vor Beginn der Kegeltour im Jahr 2023 schossen die Spekulationen \u00fcber die etwaige Destination in alle Richtungen. Norderney, Leiwen, vielleicht <a class=\"more-link\" href=\"https:\/\/die-wurstpumpen.de\/?page_id=1222\">weiterlesen&#8230;<\/a><\/p>\n","protected":false},"author":2,"featured_media":0,"parent":0,"menu_order":0,"comment_status":"closed","ping_status":"closed","template":"","meta":{"footnotes":""},"_links":{"self":[{"href":"https:\/\/die-wurstpumpen.de\/index.php?rest_route=\/wp\/v2\/pages\/1222"}],"collection":[{"href":"https:\/\/die-wurstpumpen.de\/index.php?rest_route=\/wp\/v2\/pages"}],"about":[{"href":"https:\/\/die-wurstpumpen.de\/index.php?rest_route=\/wp\/v2\/types\/page"}],"author":[{"embeddable":true,"href":"https:\/\/die-wurstpumpen.de\/index.php?rest_route=\/wp\/v2\/users\/2"}],"replies":[{"embeddable":true,"href":"https:\/\/die-wurstpumpen.de\/index.php?rest_route=%2Fwp%2Fv2%2Fcomments&post=1222"}],"version-history":[{"count":1,"href":"https:\/\/die-wurstpumpen.de\/index.php?rest_route=\/wp\/v2\/pages\/1222\/revisions"}],"predecessor-version":[{"id":1223,"href":"https:\/\/die-wurstpumpen.de\/index.php?rest_route=\/wp\/v2\/pages\/1222\/revisions\/1223"}],"wp:attachment":[{"href":"https:\/\/die-wurstpumpen.de\/index.php?rest_route=%2Fwp%2Fv2%2Fmedia&parent=1222"}],"curies":[{"name":"wp","href":"https:\/\/api.w.org\/{rel}","templated":true}]}}