{"id":268,"date":"2016-12-16T07:48:23","date_gmt":"2016-12-16T06:48:23","guid":{"rendered":"http:\/\/die-wurstpumpen.de\/?page_id=268"},"modified":"2025-08-12T15:36:19","modified_gmt":"2025-08-12T13:36:19","slug":"bjoern","status":"publish","type":"page","link":"http:\/\/die-wurstpumpen.de\/?page_id=268","title":{"rendered":"Bj\u00f6rn"},"content":{"rendered":"<p><strong>Bj\u00f6rn<\/strong><\/p>\n<p><img loading=\"lazy\" decoding=\"async\" class=\"alignleft size-medium wp-image-1078\" src=\"http:\/\/die-wurstpumpen.de\/wp-content\/uploads\/2022\/05\/B.-Scheunert-05.2022-169x300.jpg\" alt=\"\" width=\"169\" height=\"300\" srcset=\"http:\/\/die-wurstpumpen.de\/wp-content\/uploads\/2022\/05\/B.-Scheunert-05.2022-169x300.jpg 169w, http:\/\/die-wurstpumpen.de\/wp-content\/uploads\/2022\/05\/B.-Scheunert-05.2022-576x1024.jpg 576w, http:\/\/die-wurstpumpen.de\/wp-content\/uploads\/2022\/05\/B.-Scheunert-05.2022-768x1365.jpg 768w, http:\/\/die-wurstpumpen.de\/wp-content\/uploads\/2022\/05\/B.-Scheunert-05.2022-864x1536.jpg 864w, http:\/\/die-wurstpumpen.de\/wp-content\/uploads\/2022\/05\/B.-Scheunert-05.2022-84x150.jpg 84w, http:\/\/die-wurstpumpen.de\/wp-content\/uploads\/2022\/05\/B.-Scheunert-05.2022.jpg 900w\" sizes=\"(max-width: 169px) 100vw, 169px\" \/><\/p>\n<p>Spitzname(n):<\/p>\n<p>Bonno, Bonno from the U2, Bello, Jan&#8217;s Bruder Bj\u00f6rn<\/p>\n<p>Amt\/\u00c4mter:<\/p>\n<p>3. Chronist vom 31.07.2021 &#8211; 26-03-2022<\/p>\n<p>Kegelvater vom 23.03.2019 &#8211; 03.07.2020<\/p>\n<p>Abteilungsleiter &#8222;Schwimmen&#8220; vom 25.03.2017 &#8211; 24.03.2018<\/p>\n<p>Erfolg(e):<\/p>\n<p>Pumpenk\u00f6nig 2017\/2018<\/p>\n<p>Pumpenk\u00f6nig 2020-2022<\/p>\n<p>Konstrukteursmeister 2024\/2025<\/p>\n<p>Sch\u00fctzengeck 2024\/2025<\/p>\n<p>Jans Bruder Bj\u00f6rn, seit 2016 festes Mitglied der neten Kegler aus dem Sauerland. Bonno hatte sich im Vorfeld mehrfach als Gastkegler pr\u00e4sentiert und seine Qualit\u00e4ten am Glas und auf der Bahn nachgewiesen und konnte so als neues Mitglied aufgenommen werden. Inzwischen hat Bj\u00f6rn, der auch Teil des legend\u00e4ren und gef\u00fcrchteten Ketchup-Sturms der Rumbecker Amateure war, bereits eine interessante Karriere bei den Wurstpumpen hingelegt. So war er u.a. Abteilungsleiter &#8222;Schwimmen&#8220; &amp; Chronist. Selbst das h\u00f6chste Amt im Club, dass des Kegelvaters, konnte f\u00fcr eine Saison durch ihn bekleidet werden. Bonno l\u00e4uft eigentlich nie Gefahr duch die &#8222;drei-Getr\u00e4nke-Regel&#8220; bestraft zu werden, es sei denn, die Stunden sind schon so weit fortgeschritten, dass er ein kleines Nickerchen abh\u00e4lt. Ansonsten ein stets durstiger Kegelbruder mit dem wir schon viele lustige Abende verbringen konnten.<\/p>\n","protected":false},"excerpt":{"rendered":"<p>Bj\u00f6rn Spitzname(n): Bonno, Bonno from the U2, Bello, Jan&#8217;s Bruder Bj\u00f6rn Amt\/\u00c4mter: 3. Chronist vom 31.07.2021 &#8211; 26-03-2022 Kegelvater vom 23.03.2019 &#8211; 03.07.2020 Abteilungsleiter &#8222;Schwimmen&#8220; vom 25.03.2017 &#8211; 24.03.2018 Erfolg(e): <a class=\"more-link\" href=\"http:\/\/die-wurstpumpen.de\/?page_id=268\">weiterlesen&#8230;<\/a><\/p>\n","protected":false},"author":2,"featured_media":0,"parent":11,"menu_order":0,"comment_status":"closed","ping_status":"closed","template":"","meta":{"footnotes":""},"_links":{"self":[{"href":"http:\/\/die-wurstpumpen.de\/index.php?rest_route=\/wp\/v2\/pages\/268"}],"collection":[{"href":"http:\/\/die-wurstpumpen.de\/index.php?rest_route=\/wp\/v2\/pages"}],"about":[{"href":"http:\/\/die-wurstpumpen.de\/index.php?rest_route=\/wp\/v2\/types\/page"}],"author":[{"embeddable":true,"href":"http:\/\/die-wurstpumpen.de\/index.php?rest_route=\/wp\/v2\/users\/2"}],"replies":[{"embeddable":true,"href":"http:\/\/die-wurstpumpen.de\/index.php?rest_route=%2Fwp%2Fv2%2Fcomments&post=268"}],"version-history":[{"count":15,"href":"http:\/\/die-wurstpumpen.de\/index.php?rest_route=\/wp\/v2\/pages\/268\/revisions"}],"predecessor-version":[{"id":1469,"href":"http:\/\/die-wurstpumpen.de\/index.php?rest_route=\/wp\/v2\/pages\/268\/revisions\/1469"}],"up":[{"embeddable":true,"href":"http:\/\/die-wurstpumpen.de\/index.php?rest_route=\/wp\/v2\/pages\/11"}],"wp:attachment":[{"href":"http:\/\/die-wurstpumpen.de\/index.php?rest_route=%2Fwp%2Fv2%2Fmedia&parent=268"}],"curies":[{"name":"wp","href":"https:\/\/api.w.org\/{rel}","templated":true}]}}